ue
Is 1681769 prime?
False
Is 834569 a prime number?
True
Is 180533 a composite number?
False
Is 2413291 a prime number?
True
Is 863479 a prime number?
True
Is 736703 prime?
False
Is 3762821 a prime number?
True
Is 35038417 prime?
True
Is 389722 composite?
True
Is 98807705 prime?
False
Is 786209 composite?
True
Is 9965447 a prime number?
True
Is 17875271 composite?
False
Is 257989097 a composite number?
True
Is 690673 prime?
True
Is 651127 a composite number?
False
Is 10856627 prime?
True
Is 123755771 prime?
True
Is 24201083 a prime number?
False
Is 727877 a prime number?
True
Is 962809 prime?
False
Is 4580819 a composite number?
True
Is 14292001 a prime number?
True
Is 52864913 a prime number?
True
Is 9067361 composite?
False
Is 1334881 composite?
False
Is 44259811 a composite number?
False
Is 59332993 prime?
False
Is 1994413 prime?
True
Is 11943263 a prime number?
False
Is 32995838 prime?
False
Is 419987353 composite?
False
Is 49923337 prime?
True
Is 10321979 a composite number?
False
Is 2756207 composite?
False
Is 49079791 prime?
False
Is 12277799 a composite number?
False
Is 368463917 a prime number?
True
Is 27073931 prime?
True
Is 1342203 a prime number?
False
Is 10585723 a composite number?
False
Is 149114453 composite?
True
Is 128581073 a prime number?
False
Is 56133681 prime?
False
Is 185361847 a prime number?
False
Is 559031 a prime number?
False
Is 4902901 a composite number?
False
Is 1934965 prime?
False
Is 423569 prime?
False
Is 1993561 prime?
True
Is 34407001 a prime number?
False
Is 447121 a composite number?
True
Is 82999229 a prime number?
True
Is 4319967 a composite number?
True
Is 5513315 composite?
True
Is 5117605 a composite number?
True
Is 40090429 composite?
True
Is 18960673 a composite number?
True
Is 455513 composite?
False
Is 3638333 a prime number?
True
Is 15224203 a composite number?
False
Is 6512981 a prime number?
False
Is 106065943 a composite number?
True
Is 182136167 composite?
True
Is 1587553 composite?
True
Is 3513674 a composite number?
True
Is 1506607 a composite number?
False
Is 13201723 composite?
False
Is 3209831 a prime number?
False
Is 202836377 prime?
False
Is 168311111 prime?
True
Is 13321559 prime?
True
Is 259497139 prime?
False
Is 72392863 composite?
False
Is 144092869 a prime number?
False
Is 112537021 a prime number?
False
Is 881944099 a composite number?
True
Is 95266259 a composite number?
True
Is 2295817 a composite number?
False
Is 726383 composite?
True
Is 11141843 prime?
False
Is 82895629 prime?
True
Is 41159843 composite?
True
Is 436781 a prime number?
False
Is 177647 composite?
False
Is 43247045 composite?
True
Is 2110555379 prime?
True
Is 17876387 composite?
True
Is 28309747 a prime number?
True
Is 212376847 composite?
False
Is 13638551 a composite number?
False
Is 29994067 a composite number?
True
Is 561469847 a prime number?
True
Is 12216719 a composite number?
False
Is 36442363 a prime number?
True
Is 29981827 composite?
True
Is 30268531 composite?
False
Is 5910161 composite?
False
Is 47174971 a prime number?
False
Is 177550103 prime?
False
Is 110680649 prime?
True
Is 18208537 prime?
True
Is 5822599 a prime number?
True
Is 53962619 prime?
False
Is 143384413 prime?
True
Is 48805761 a composite number?
True
Is 2236153 a prime number?
True
Is 33746777 composite?
False
Is 158965789 a prime number?
True
Is 48483523 a composite number?
True
Is 74205653 prime?
False
Is 14030593 composite?
True
Is 3952181 a prime number?
True
Is 97063451 a prime number?
False
Is 1212382947 a composite number?
True
Is 1332077 a composite number?
False
Is 12594833 composite?
False
Is 1179161 prime?
False
Is 180445829 prime?
True
Is 292055483 prime?
True
Is 589253831 composite?
False
Is 13854931 a prime number?
True
Is 339160937 a composite number?
False
Is 1772917 a prime number?
False
Is 93692561 prime?
True
Is 1053727 prime?
True
Is 529829 a composite number?
False
Is 16588331 a composite number?
False
Is 6060589 prime?
False
Is 302542997 prime?
False
Is 29123 a prime number?
True
Is 29794101 composite?
True
Is 457409143 composite?
True
Is 178779631 prime?
True
Is 174446101 a prime number?
False
Is 13693367 prime?
False
Is 301082623 a prime number?
True
Is 1408196155 a prime number?
False
Is 14601502 prime?
False
Is 3264627 a prime number?
False
Is 5083619 composite?
False
Is 149543 a composite number?
False
Is 159649273 prime?
False
Is 402841121 composite?
False
Is 17347027 a composite number?
True
Is 61141 a composite number?
False
Is 106984289 a composite number?
True
Is 84086389 a prime number?
False
Is 133907 prime?
False
Is 91543 composite?
True
Is 4008463 a prime number?
False
Is 8536961 composite?
False
Is 426123911 composite?
False
Is 121961863 a composite number?
False
Is 471169 prime?
False
Is 35545819 composite?
False
Is 54672491 prime?
False
Is 55784657 composite?
True
Is 26692007 a composite number?
True
Is 49004333 a prime number?
False
Is 2827069 a composite number?
True
Is 8045443 a composite number?
True
Is 922123 prime?
True
Is 46087117 prime?
True
Is 81418147 prime?
False
Is 3904187 a prime number?
False
Is 116214335 composite?
True
Is 1575465563 a prime number?
False
Is 757259 a prime number?
True
Is 8712283 prime?
False
Is 9413 a prime number?
True
Is 73891241 a prime number?
False
Is 129602347 prime?
False
Is 496187 prime?
True
Is 3459797 a prime number?
False
Is 110513971 a composite number?
True
Is 909877 a prime number?
True
Is 344503 prime?
False
Is 4005553 prime?
True
Is 26896231 prime?
True
Is 343060513 prime?
True
Is 297500341 prime?
True
Is 101971171 prime?
True
Is 11043143 a prime number?
True
Is 4181209 composite?
False
Is 18745309 prime?
False
Is 116762059 composite?
False
Is 148856515 composite?
True
Is 8962799 a prime number?
True
Is 19543301 prime?
True
Is 217003817 a composite number?
False
Is 1111843 composite?
True
Is 109910357 prime?
True
Is 1149943 composite?
False
Is 38144321 a prime number?
False
Is 1635673 a prime number?
False
Is 2877074 prime?
False
Is 1933927 a prime number?
True
Is 7552757 a composite number?
False
Is 788036863 a prime number?
False
Is 32819315 composite?
True
Is 1323307 prime?
True
Is 145304462 a prime number?
False
Is 20875963 prime?
True
Is 2929049 composite?
True
Is 2880763 composite?
False
Is 22382467 a prime number?
True
Is 61471151 a composite number?
True
Is 21553813 a composite number?
True
Is 20480209 composite?
False
Is 13505501 a composite number?
False
Is 21380011 a prime number?
True
Is 351887 a prime number?
True
Is 20582335 composite?
True
Is 1013143 prime?
True
Is 326246497 a prime number?
True
Is 11961259 a prime number?
True
Is 227074201 prime?
True
Is 549833 composite?
False
Is 22310879 prime?
True
Is 1718053 prime?
True
Is 163187 composite?
True
Is 568387 a composite number?
False
Is 7331227 a prime number?
False
Is 4692227 a composite number?
False
Is 7188743 a composite number?
False
Is 27122407 composite?
True
Is 241807 a prime number?
True
Is 8429329 a prime number?
True
Is 19861367 composite?
True
Is 125894213 prime?
True
Is 17181239 a prime number?
True
Is 410970449 a composite number?
True
Is 160106077 a composite number?
False
Is 96646939 a prime number?
False
Is 104732567 prime?
False
Is 20708371 a composite number?
True
Is 152523703 composite?
False
Is 150455051 a composite number?
True
Is 236137 prime?
False
Is 1918199 composite?
True
Is 2755253 prime?
False
Is 44268531 a composite number?
True
Is 32857967 a composite number?
False
Is 55170727 composite?
True
Is 9346147 prime?
True
Is 84681517 a prime number?
True
Is 22273021 prime?
False
Is 50840173 composite?
True
Is 3321607 composite?
False
Is 304968721 prime?
False
Is 9419029 a prime number?
False
Is 3226973 a prime number?
False
Is 42750559 composite?
False
Is 2595379 composite?
True
Is 182057 a prime number?
True
Is 53438057 a prime number?
True
Is 26493563 prime?
True
Is 1137156577 a prime number?
False
Is 33230489 prime?
True
Is 64710127 prime?
True
Is 4061951 a prime number?
True
Is 57929429 a prime number?
True
Is 27558983 a prime number?
True
Is 106988339 a prime number?
False
Is 1473257 a prime number?
True
Is 5564563 prime?
True
Is 9738649 a prime number?
True
Is 259950833 prime?
True
Is 11388361 prime?
True
Is 1222525517 a prime number?
False
Is